 the hundreds digit of 22290?
2
What is the tens digit of 5181?
8
What is the hundreds digit of 36930?
9
What is the hundreds digit of 3105?
1
What is the hundreds digit of 1260?
2
What is the units digit of 2542?
2
What is the tens digit of 5001?
0
What is the units digit of 2178?
8
What is the units digit of 1952?
2
What is the hundreds digit of 56492?
4
What is the units digit of 2695?
5
What is the hundreds digit of 497?
4
What is the ten thousands digit of 12244?
1
What is the units digit of 12113?
3
What is the units digit of 88975?
5
What is the units digit of 19943?
3
What is the tens digit of 6461?
6
What is the hundreds digit of 43451?
4
What is the tens digit of 15365?
6
What is the hundreds digit of 504?
5
What is the hundreds digit of 44080?
0
What is the units digit of 2277?
7
What is the units digit of 320?
0
What is the tens digit of 7059?
5
What is the hundreds digit of 190?
1
What is the ten thousands digit of 97736?
9
What is the thousands digit of 4728?
4
What is the tens digit of 26322?
2
What is the thousands digit of 1600?
1
What is the tens digit of 11242?
4
What is the units digit of 587?
7
What is the hundreds digit of 655?
6
What is the hundreds digit of 26670?
6
What is the tens digit of 4121?
2
What is the hundreds digit of 66437?
4
What is the units digit of 403?
3
What is the tens digit of 1551?
5
What is the hundreds digit of 43832?
8
What is the ten thousands digit of 64277?
6
What is the thousands digit of 1272?
1
What is the tens digit of 26102?
0
What is the hundreds digit of 1721?
7
What is the units digit of 11120?
0
What is the ten thousands digit of 165460?
6
What is the units digit of 998?
8
What is the thousands digit of 28179?
8
What is the tens digit of 1471?
7
What is the hundreds digit of 2159?
1
What is the thousands digit of 23210?
3
What is the ten thousands digit of 17633?
1
What is the units digit of 947?
7
What is the thousands digit of 5049?
5
What is the tens digit of 5914?
1
What is the ten thousands digit of 10992?
1
What is the tens digit of 2077?
7
What is the tens digit of 1330?
3
What is the hundreds digit of 8024?
0
What is the thousands digit of 1392?
1
What is the tens digit of 57466?
6
What is the tens digit of 24047?
4
What is the hundreds digit of 1919?
9
What is the thousands digit of 17515?
7
What is the hundreds digit of 509?
5
What is the units digit of 598?
8
What is the tens digit of 38764?
6
What is the hundreds digit of 95940?
9
What is the ten thousands digit of 33406?
3
What is the hundreds digit of 3111?
1
What is the tens digit of 2106?
0
What is the ten thousands digit of 17278?
1
What is the tens digit of 579?
7
What is the units digit of 5161?
1
What is the units digit of 42653?
3
What is the units digit of 146?
6
What is the thousands digit of 140961?
0
What is the units digit of 8?
8
What is the tens digit of 1679?
7
What is the thousands digit of 28152?
8
What is the hundreds digit of 2546?
5
What is the hundreds digit of 123866?
8
What is the hundreds digit of 3400?
4
What is the units digit of 50365?
5
What is the tens digit of 9382?
8
What is the thousands digit of 61033?
1
What is the tens digit of 1357?
5
What is the thousands digit of 9344?
9
What is the tens digit of 7397?
9
What is the thousands digit of 3872?
3
What is the units digit of 397?
7
What is the tens digit of 328?
2
What is the thousands digit of 25989?
5
What is the thousands digit of 13976?
3
What is the ten thousands digit of 11747?
1
What is the tens digit of 571?
7
What is the thousands digit of 53853?
3
What is the hundreds digit of 291?
2
What is the units digit of 2251?
1
What is the thousands digit of 66558?
6
What is the tens digit of 19426?
2
What is the units digit of 2634?
4
What is the thousands digit of 2367?
2
What is the hundreds digit of 923?
9
What is the thousands digit of 4843?
4
What is the tens digit of 2913?
1
What is the thousands digit of 6184?
6
What is the hundreds digit of 3923?
9
What is the tens digit of 27825?
2
What is the units digit of 1146?
6
What is the units digit of 628?
8
What is the tens digit of 11182?
8
What is the hundreds digit of 37226?
2
What is the thousands digit of 62709?
2
What is the tens digit of 65?
6
What is the tens digit of 57?
5
What is the hundreds digit of 7595?
5
What is the units digit of 5664?
4
What is the tens digit of 656?
5
What is the thousands digit of 40549?
0
What is the thousands digit of 1628?
1
What is the units digit of 3683?
3
What is the tens digit of 358?
5
What is the tens digit of 1848?
4
What is the units digit of 803?
3
What is the tens digit of 814?
1
What is the hundreds digit of 1390?
3
What is the tens digit of 988?
8
What is the hundreds digit of 431?
4
What is the tens digit of 810?
1
What is the units digit of 13887?
7
What is the tens digit of 2275?
7
What is the ten thousands digit of 27306?
2
What is the ten thousands digit of 71277?
7
What is the units digit of 1969?
9
What is the units digit of 20535?
5
What is the tens digit of 18014?
1
What is the thousands digit of 17655?
7
What is the tens digit of 956?
5
What is the thousands digit of 67973?
7
What is the thousands digit of 1553?
1
What is the tens digit of 42404?
0
What is the tens digit of 9587?
8
What is the hundreds digit of 2937?
9
What is the units digit of 7779?
9
What is the tens digit of 8896?
9
What is the thousands digit of 64542?
4
What is the tens digit of 2779?
7
What is the hundreds digit of 7770?
7
What is the tens digit of 36592?
9
What is the thousands digit of 17901?
7
What is the tens digit of 695?
9
What is the thousands digit of 4969?
4
What is the tens digit of 4843?
4
What is the ten thousands digit of 15963?
1
What is the thousands digit of 5375?
5
What is the hundreds digit of 2204?
2
What is the ten thousands digit of 11494?
1
What is the tens digit of 6359?
5
What is the hundreds digit of 1316?
3
What is the thousands digit of 14880?
4
What is the tens digit of 5756?
5
What is the tens digit of 51979?
7
What is the tens digit of 21063?
6
What is the units digit of 23771?
1
What is the hundreds digit of 6522?
5
What is the tens digit of 773?
7
What is the hundreds digit of 9202?
2
What is the hundreds digit of 391?
3
What is the units digit of 550?
0
What is the thousands digit of 7721?
7
What is the units digit of 95131?
1
What is the tens digit of 1431?
3
What is the units digit of 12878?
8
What is the thousands digit of 27992?
7
What is the units digit of 1768?
8
What is the thousands digit of 8823?
8
What is the hundreds digit of 4394?
3
What is the hundreds digit of 262?
2
What is the hundreds digit of 285?
2
What is the hundreds digit of 1465?
4
What is the thousands digit of 6192?
6
What is the units digit of 152850?
0
What is the hundreds digit of 3370?
3
What is the thousands digit of 20712?
0
What is the hundreds digit of 3739?
7
What is the hundreds digit of 847?
8
What is the tens digit of 388?
8
What is the hundreds digit of 38905?
9
What is the hundreds digit of 7725?
7
What is the tens digit of 21657?
5
What is the tens digit of 60?
6
What is the tens digit of 169?
6
What is the units digit of 861?
1
What is the tens digit of 9519?
1
What is the hundreds digit of 1326?
3
What is the tens digit of 128235?
3
What is the tens digit of 2794?
9
What is the tens digit of 2585?
8
What is the hundreds digit of 192?
1
What is the units digit of 6097?
7
What is the units digit of 167?
7
What is the hundreds digit of 110027?
0
What is the tens digit of 10344?
4
What is the ten thousands digit of 10299?
1
What is the tens digit of 1013?
1
What is the tens digit of 1434?
3
What is the thousands digit of 5740?
5
What is the units digit of 24074?
4
What is the units digit of 1855?
5
What is the units digit of 1864?
4
What is the thousands digit of 7878?
7
What is the tens digit of 15948?
4
What is the thousands digit of 1476?
1
What is the units digit of 370?
0
What is the thousands digit of 3581?
3
What is the tens digit of 50746?
4
What is the units digit of 1667?
7
What is the thousands digit of 5780?
5
What is the tens digit of 983?
8
What is the hundreds digit of 11719?
7
What is the hundreds digit of 73037?
0
What is the thousands digit of 99115?
9
What is the tens digit of 1401?
0
What is the hundreds digi